{"id":20538,"date":"2022-07-09T15:32:16","date_gmt":"2022-07-09T18:32:16","guid":{"rendered":"https:\/\/www.portaldeinocuidad.com\/web\/?page_id=20538"},"modified":"2025-05-26T12:14:43","modified_gmt":"2025-05-26T15:14:43","slug":"loimos","status":"publish","type":"page","link":"https:\/\/www.portaldeinocuidad.com\/web\/loimos\/","title":{"rendered":"LOIMOS"},"content":{"rendered":"\n<h2 class=\"wp-block-heading has-text-align-center\">Sistema de monitoreo y gesti\u00f3n integral de plagas<\/h2>\n\n\n\n<div style=\"height:30px\" aria-hidden=\"true\" class=\"wp-block-spacer\"><\/div>\n\n\n\n<div class=\"wp-block-columns is-layout-flex wp-container-core-columns-is-layout-9d6595d7 wp-block-columns-is-layout-flex\">\n<div class=\"wp-block-column is-layout-flow wp-block-column-is-layout-flow\">\n<p class=\"has-text-align-left has-medium-font-size\">\u00bfSu sistema de control de plagas es realmente efectivo?<\/p>\n\n\n\n<ul class=\"wp-block-list has-medium-font-size\">\n<li>\u00bfTiene la seguridad de que su mercader\u00eda est\u00e1 protegida en todo momento?<br><\/li>\n\n\n\n<li>\u00bfCuenta con alertas tempranas para actuar antes de que un problema se convierta en una crisis?<br><\/li>\n\n\n\n<li>\u00bfCumple con los est\u00e1ndares internacionales y auditor\u00edas sin riesgos?<br><\/li>\n<\/ul>\n<\/div>\n\n\n\n<div class=\"wp-block-column is-layout-flow wp-block-column-is-layout-flow\"><div class=\"wp-block-image\">\n<figure class=\"alignleft size-full is-resized\"><img loading=\"lazy\" decoding=\"async\" width=\"500\" height=\"500\" src=\"https:\/\/www.portaldeinocuidad.com\/web\/wp-content\/uploads\/2022\/07\/loimos-sistema-monitoreo-y-gestion-integral-de-plagas.jpg\" alt=\"LOIMOS. Sistema de monitoreo y gesti\u00f3n integral de plagas.\" class=\"wp-image-20874\" style=\"width:375px;height:375px\" srcset=\"https:\/\/www.portaldeinocuidad.com\/web\/wp-content\/uploads\/2022\/07\/loimos-sistema-monitoreo-y-gestion-integral-de-plagas.jpg 500w, https:\/\/www.portaldeinocuidad.com\/web\/wp-content\/uploads\/2022\/07\/loimos-sistema-monitoreo-y-gestion-integral-de-plagas-300x300.jpg 300w, https:\/\/www.portaldeinocuidad.com\/web\/wp-content\/uploads\/2022\/07\/loimos-sistema-monitoreo-y-gestion-integral-de-plagas-150x150.jpg 150w, https:\/\/www.portaldeinocuidad.com\/web\/wp-content\/uploads\/2022\/07\/loimos-sistema-monitoreo-y-gestion-integral-de-plagas-100x100.jpg 100w\" sizes=\"auto, (max-width: 500px) 100vw, 500px\" \/><\/figure>\n<\/div>\n\n\n<p>s<\/p>\n<\/div>\n<\/div>\n\n\n\n<p class=\"has-text-align-center\" style=\"font-size:22px\"><strong>Con LOIMOS, la respuesta a todas estas preguntas es S\u00cd.<\/strong><\/p>\n\n\n\n<p>LOIMOS es el sistema m\u00e1s avanzado de monitoreo y gesti\u00f3n integral de plagas en tiempo real. Le permite visualizar tendencias, detectar desviaciones y tomar decisiones basadas en datos, desde cualquier dispositivo y en cualquier lugar.<\/p>\n\n\n\n<div class=\"wp-block-genesis-blocks-gb-columns gb-layout-columns-1 one-column\"><div class=\"gb-layout-column-wrap gb-block-layout-column-gap-2 gb-is-responsive-column\">\n<div class=\"wp-block-genesis-blocks-gb-column gb-block-layout-column\"><div class=\"gb-block-layout-column-inner gb-has-custom-background-color\" style=\"padding-top:15px;padding-right:35px;padding-bottom:10px;padding-left:35px;background-color:#f7f7f7\">\n<h2 class=\"wp-block-heading has-text-align-center\">Beneficios clave de LOIMOS<\/h2>\n\n\n\n<ul id=\"block-f76ebbcb-2677-4978-b6a2-fefb9ea1627e\" class=\"wp-block-list has-medium-font-size\">\n<li>Monitoreo Inteligente: Lectura precisa de estaciones a trav\u00e9s de c\u00f3digo QR.<\/li>\n\n\n\n<li>Operaci\u00f3n On-line &amp; Off-line: Registre y analice informaci\u00f3n en cualquier momento, sin interrupciones.<\/li>\n\n\n\n<li>Evidencia Documentada: Reportes con fotos y notas que garantizan trazabilidad y cumplimiento normativo.<\/li>\n\n\n\n<li>Acci\u00f3n Preventiva: Configuraci\u00f3n de umbrales de acci\u00f3n para cada tipo de plaga.<\/li>\n\n\n\n<li>Control Total: Visualizaci\u00f3n de \u00abpuntos calientes\u00bb directamente en el plano de la planta.<\/li>\n\n\n\n<li>Trazabilidad y Auditor\u00eda: Cada intervenci\u00f3n se asocia a un lote de producci\u00f3n y cuenta con checklists autoadministrables y comparables en el tiempo.<\/li>\n\n\n\n<li>Menos p\u00e9rdidas, m\u00e1s eficiencia: Reducci\u00f3n del impacto econ\u00f3mico y operativo por da\u00f1os de plagas.<\/li>\n<\/ul>\n<\/div><\/div>\n<\/div><\/div>\n\n\n\n<div style=\"height:30px\" aria-hidden=\"true\" class=\"wp-block-spacer\"><\/div>\n\n\n\n<p class=\"has-text-align-center\" style=\"font-size:22px\">Toma el control antes de que sea tarde. Con LOIMOS, el monitoreo y la prevenci\u00f3n de plagas dejan de ser una preocupaci\u00f3n y se convierten en una ventaja competitiva.<br><\/p>\n\n\n\n<div style=\"height:50px\" aria-hidden=\"true\" class=\"wp-block-spacer\"><\/div>\n\n\n<div class=\"wp-block-image is-style-rounded\">\n<figure class=\"aligncenter size-full is-resized\"><img loading=\"lazy\" decoding=\"async\" width=\"200\" height=\"200\" src=\"https:\/\/www.portaldeinocuidad.com\/web\/wp-content\/uploads\/2022\/03\/paula-feldman-200x200-1.jpg\" alt=\"Paula Feldman.\" class=\"wp-image-18408\" style=\"width:150px;height:150px\" srcset=\"https:\/\/www.portaldeinocuidad.com\/web\/wp-content\/uploads\/2022\/03\/paula-feldman-200x200-1.jpg 200w, https:\/\/www.portaldeinocuidad.com\/web\/wp-content\/uploads\/2022\/03\/paula-feldman-200x200-1-150x150.jpg 150w, https:\/\/www.portaldeinocuidad.com\/web\/wp-content\/uploads\/2022\/03\/paula-feldman-200x200-1-100x100.jpg 100w\" sizes=\"auto, (max-width: 200px) 100vw, 200px\" \/><\/figure>\n<\/div>\n\n\n<blockquote class=\"wp-block-quote has-medium-font-size is-layout-flow wp-block-quote-is-layout-flow\">\n<p><em>El uso de LOIMOS permite cumplir con todos los requisitos espec\u00edficos para la gesti\u00f3n de plagas, de cualquier norma internacional del marco GFSI. Brinda soporte para una gesti\u00f3n genuina de control y mejora de la inocuidad y la calidad de los alimentos\u00bb.<\/em> <\/p>\n<cite>Ing. Paula Feldman.<br>Directora de Portal de Inocuidad.<\/cite><\/blockquote>\n\n\n\n<p class=\"has-medium-font-size\"><\/p>\n\n\n\n<div class=\"wp-block-genesis-blocks-gb-columns gb-layout-columns-1 one-column\"><div class=\"gb-layout-column-wrap gb-block-layout-column-gap-2 gb-is-responsive-column\">\n<div class=\"wp-block-genesis-blocks-gb-column gb-block-layout-column\"><div class=\"gb-block-layout-column-inner gb-has-custom-background-color\" style=\"padding-top:35px;padding-right:55px;padding-bottom:10px;padding-left:55px;background-color:#f7f7f7\">\n<p class=\"has-text-align-center has-black-color has-text-color\" style=\"font-size:22px\"><strong>Implemente el software m\u00e1s especializado con herramientas de \u00faltima generaci\u00f3n que le permitir\u00e1 ver los programas de monitoreos, en tiempo real y desde cualquier lugar.<\/strong><\/p>\n\n\n\n<p class=\"has-text-align-center has-white-color has-text-color has-background has-medium-font-size\" style=\"background-color:#006495\"><strong>Complete el siguiente formulario para solicitar entrevista de consulta y\/o contrataci\u00f3n.<\/strong><\/p>\n<\/div><\/div>\n<\/div><\/div>\n\n\n\n<iframe aria-label='Consultas sobre LOIMOS' frameborder=\"0\" style=\"height:500px;width:99%;border:none;\" src='https:\/\/forms.zohopublic.com\/portaldeinocuidad\/form\/ConsultassobreLOIMOS\/formperma\/qmRIQeeVsHOrRWQRT4G8p5v4c4AyrWfZBJ3ydieHUeQ'><\/iframe>\n\n","protected":false},"excerpt":{"rendered":"<p>Sistema de monitoreo y gesti\u00f3n integral de plagas \u00bfSu sistema de control de plagas es realmente efectivo? s Con LOIMOS, la respuesta a todas estas preguntas es S\u00cd. LOIMOS es el sistema m\u00e1s avanzado de monitoreo y gesti\u00f3n integral de plagas en tiempo real. Le permite visualizar tendencias, detectar desviaciones y tomar decisiones basadas en [&hellip;]<\/p>\n","protected":false},"author":1,"featured_media":21078,"parent":0,"menu_order":0,"comment_status":"closed","ping_status":"closed","template":"","meta":{"_genesis_hide_title":false,"_genesis_hide_breadcrumbs":false,"_genesis_hide_singular_image":false,"_genesis_hide_footer_widgets":false,"_genesis_custom_body_class":"","_genesis_custom_post_class":"","_genesis_layout":"full-width-content","footnotes":""},"class_list":{"0":"post-20538","1":"page","2":"type-page","3":"status-publish","4":"has-post-thumbnail","6":"entry"},"featured_image_src":"https:\/\/www.portaldeinocuidad.com\/web\/wp-content\/uploads\/2022\/08\/loimos-sin-marca-600x400.jpg","featured_image_src_square":"https:\/\/www.portaldeinocuidad.com\/web\/wp-content\/uploads\/2022\/08\/loimos-sin-marca-600x600.jpg","_links":{"self":[{"href":"https:\/\/www.portaldeinocuidad.com\/web\/wp-json\/wp\/v2\/pages\/20538","targetHints":{"allow":["GET"]}}],"collection":[{"href":"https:\/\/www.portaldeinocuidad.com\/web\/wp-json\/wp\/v2\/pages"}],"about":[{"href":"https:\/\/www.portaldeinocuidad.com\/web\/wp-json\/wp\/v2\/types\/page"}],"author":[{"embeddable":true,"href":"https:\/\/www.portaldeinocuidad.com\/web\/wp-json\/wp\/v2\/users\/1"}],"replies":[{"embeddable":true,"href":"https:\/\/www.portaldeinocuidad.com\/web\/wp-json\/wp\/v2\/comments?post=20538"}],"version-history":[{"count":141,"href":"https:\/\/www.portaldeinocuidad.com\/web\/wp-json\/wp\/v2\/pages\/20538\/revisions"}],"predecessor-version":[{"id":29420,"href":"https:\/\/www.portaldeinocuidad.com\/web\/wp-json\/wp\/v2\/pages\/20538\/revisions\/29420"}],"wp:featuredmedia":[{"embeddable":true,"href":"https:\/\/www.portaldeinocuidad.com\/web\/wp-json\/wp\/v2\/media\/21078"}],"wp:attachment":[{"href":"https:\/\/www.portaldeinocuidad.com\/web\/wp-json\/wp\/v2\/media?parent=20538"}],"curies":[{"name":"wp","href":"https:\/\/api.w.org\/{rel}","templated":true}]}}