{"id":1767,"date":"2018-06-13T21:20:09","date_gmt":"2018-06-13T21:20:09","guid":{"rendered":"https:\/\/www.portaldeinocuidad.com\/web\/?page_id=1767"},"modified":"2022-03-31T19:53:39","modified_gmt":"2022-03-31T22:53:39","slug":"paula-feldman","status":"publish","type":"page","link":"https:\/\/www.portaldeinocuidad.com\/web\/paula-feldman\/","title":{"rendered":"Paula Feldman"},"content":{"rendered":"\n<div class=\"wp-block-image is-style-rounded\"><figure class=\"alignleft size-full is-resized\"><img loading=\"lazy\" decoding=\"async\" src=\"https:\/\/www.portaldeinocuidad.com\/web\/wp-content\/uploads\/2022\/03\/paula-feldman-200x200-1.jpg\" alt=\"\" class=\"wp-image-18408\" width=\"150\" height=\"150\" srcset=\"https:\/\/www.portaldeinocuidad.com\/web\/wp-content\/uploads\/2022\/03\/paula-feldman-200x200-1.jpg 200w, https:\/\/www.portaldeinocuidad.com\/web\/wp-content\/uploads\/2022\/03\/paula-feldman-200x200-1-150x150.jpg 150w, https:\/\/www.portaldeinocuidad.com\/web\/wp-content\/uploads\/2022\/03\/paula-feldman-200x200-1-100x100.jpg 100w\" sizes=\"auto, (max-width: 150px) 100vw, 150px\" \/><\/figure><\/div>\n\n\n\n<p>Ingeniera Agr\u00f3noma y Especialista en Agronegocios y Alimentos (UBA). <br>Es directora de Portal de Inocuidad desde el a\u00f1o 2012. Ha dirigido Axonas desde el a\u00f1o 2000, durante 18 a\u00f1os. Es docente en diversos \u00e1mbitos profesionales y act\u00faa como experta t\u00e9cnica en actividades de acreditaci\u00f3n de organismos de certificaci\u00f3n. Es consultora senior en sistemas de gesti\u00f3n de la calidad e inocuidad de alimentos.<br>Fue responsable de las actividades de capacitaci\u00f3n del Programa Calidad de los Alimentos Argentinos, entre 1997 y el 2005.         <br> Ha escrito numerosas publicaciones sobre calidad en alimentos y cuenta con formaci\u00f3n de nivel internacional: PCQI, auditora l\u00edder IRCA, auditora BRC, capacitadora en calidad e inocuidad de los alimentos de INPPAZ.         <br> Ha dise\u00f1ado y dictado 50 cursos abiertos en los \u00faltimos 4 a\u00f1os sobre Prerrequisitos del HACCP, HACCP avanzado, GFSI y temas de actualizaci\u00f3n, Documentaci\u00f3n de sistemas de gesti\u00f3n de calidad de alimentos, Trazabilidad, Resoluci\u00f3n de No conformidades, Implementaci\u00f3n de normas.<\/p>\n\n\n\n<p><br><\/p>\n","protected":false},"excerpt":{"rendered":"<p>Ingeniera Agr\u00f3noma y Especialista en Agronegocios y Alimentos (UBA). Es directora de Portal de Inocuidad desde el a\u00f1o 2012. Ha dirigido Axonas desde el a\u00f1o 2000, durante 18 a\u00f1os. Es docente en diversos \u00e1mbitos profesionales y act\u00faa como experta t\u00e9cnica en actividades de acreditaci\u00f3n de organismos de certificaci\u00f3n. Es consultora senior en sistemas de gesti\u00f3n [&hellip;]<\/p>\n","protected":false},"author":1,"featured_media":1801,"parent":0,"menu_order":0,"comment_status":"closed","ping_status":"closed","template":"","meta":{"_genesis_hide_title":false,"_genesis_hide_breadcrumbs":false,"_genesis_hide_singular_image":false,"_genesis_hide_footer_widgets":false,"_genesis_custom_body_class":"","_genesis_custom_post_class":"","_genesis_layout":"full-width-content","footnotes":""},"class_list":{"0":"post-1767","1":"page","2":"type-page","3":"status-publish","4":"has-post-thumbnail","6":"entry"},"featured_image_src":"https:\/\/www.portaldeinocuidad.com\/web\/wp-content\/uploads\/2018\/06\/nosotros.jpg","featured_image_src_square":"https:\/\/www.portaldeinocuidad.com\/web\/wp-content\/uploads\/2018\/06\/nosotros.jpg","_links":{"self":[{"href":"https:\/\/www.portaldeinocuidad.com\/web\/wp-json\/wp\/v2\/pages\/1767","targetHints":{"allow":["GET"]}}],"collection":[{"href":"https:\/\/www.portaldeinocuidad.com\/web\/wp-json\/wp\/v2\/pages"}],"about":[{"href":"https:\/\/www.portaldeinocuidad.com\/web\/wp-json\/wp\/v2\/types\/page"}],"author":[{"embeddable":true,"href":"https:\/\/www.portaldeinocuidad.com\/web\/wp-json\/wp\/v2\/users\/1"}],"replies":[{"embeddable":true,"href":"https:\/\/www.portaldeinocuidad.com\/web\/wp-json\/wp\/v2\/comments?post=1767"}],"version-history":[{"count":15,"href":"https:\/\/www.portaldeinocuidad.com\/web\/wp-json\/wp\/v2\/pages\/1767\/revisions"}],"predecessor-version":[{"id":18513,"href":"https:\/\/www.portaldeinocuidad.com\/web\/wp-json\/wp\/v2\/pages\/1767\/revisions\/18513"}],"wp:featuredmedia":[{"embeddable":true,"href":"https:\/\/www.portaldeinocuidad.com\/web\/wp-json\/wp\/v2\/media\/1801"}],"wp:attachment":[{"href":"https:\/\/www.portaldeinocuidad.com\/web\/wp-json\/wp\/v2\/media?parent=1767"}],"curies":[{"name":"wp","href":"https:\/\/api.w.org\/{rel}","templated":true}]}}